Let r(n) be the first derivative of -3*n**4/2 - n**3/3 + n + 460. What is r(z)?
-6
Let x(p) = -144703 + 2*p**2 + p**3 - 3*p - 6*p**2 + 144701. Determine x(6).
52
Let r be (-20)/6 - (-4 - 33/(-9)). Let z = r - -10. Let s(l) = -l - 3. Determine s(z).
-10
Let y = 7 + -7. Suppose y = 2*z + 6, 5*u + 33 - 273 = 5*z. Let f(j) = -2 - j**2 + 3 - 42*j + u*j. What is f(3)?
1
Let a(n) be the third derivative of n**6/120 - 11*n**5/60 - 13*n**4/24 + 13*n**3/6 - 117*n**2. Suppose 16*y - 52 - 140 = 0. Determine a(y).
1
Let h(a) = 7*a**2 - 90*a - 103. Let r be h(14). Let s = 10 - 5. Let i(j) = s*j**2 + 9*j - 3 - 12*j**2 - r*j**3 + 10*j**3. Calculate i(6).
15
Let d be (-4 - 56/(-20))*-5. Let a(l) = 64 - 87 - 4*l + 31. What is a(d)?
-16
Let k(m) = 2*m**2 + 277 - 16*m - 80 - 91 - 2*m - 71. Calculate k(5).
-5
Suppose -3*a = -13*a + 40. Suppose 15 = 5*m - q, a*m + 0*m + 5*q - 41 = 0. Let r(f) = 3 + 3*f - m*f - 11 - 4. Determine r(-9).
-3
Let d(y) = 2*y**2 + 3*y + 0*y**3 + 5*y**2 + 4 + y**3 + 0*y + 1. Suppose -127 = -12*k - 199. Determine d(k).
23
Let q(a) = 11*a + 16. Let m(p) = 14*p + 21. Let t(z) = 3*m(z) - 4*q(z). Suppose -4*i + 8*i = -8. Give t(i).
3
Let s = 501 - 484. Let x(t) = -1 + 8*t**2 - 2*t - 23*t**2 + s*t**2 + 3*t**2. Calculate x(-2).
23
Suppose 1 = r, 2*r + 0*r - 98 = -4*b. Let n(d) = -b - 7 + 9*d - 2*d + d. What is n(4)?
1
Let h = -57 - -97. Suppose -63*t - h = -53*t. Let w(x) = -x**3 - 4*x**2. Calculate w(t).
0
Suppose 8 = 4*o, 2*o + 24 = -7*y + 3*y. Let b(r) = -3*r - 23. Let l(t) = -2*t - 16. Let m(d) = 5*b(d) - 8*l(d). Calculate m(y).
6
Suppose -4*c = 2 - 10. Let t(x) = 12*x - 109 - 18*x**2 - 6*x - 4*x - 3*x + 108 + 20*x**2. Give t(c).
5
Suppose 3*i = -4*b + 25 - 15, -5*i - 30 = -5*b. Suppose b*x + 54 = -23*x. Let u(j) = -3*j**2 - 3*j - 3. Calculate u(x).
-9
Let d(o) = -26*o**2 + 214*o - 53. Let t be d(8). Let z(b) = b**2 - 3*b**2 + 10 - 3 - 6*b. What is z(t)?
-13
Let x be (-1*18/15)/((-6)/280). Let y = x - 52. Let u(r) = -11 + y*r + 2*r + 2*r - 7*r. Give u(6).
-5
Let f = -859 + 874. Let b(x) = 20 + 9*x**2 - 3*x**2 - 11 - 7*x**2 + f*x. Calculate b(15).
9
Suppose 343*f - 314*f - 136 = 386. Let w(v) = 13*v - 228. Give w(f).
6
Let a = -5259 - -5253. Let h(z) = 3*z**2 + 20*z - 2. Calculate h(a).
-14
Suppose 5*o + 2345 - 2375 = -5*x, -5*x - 30 = o. Let i(v) = 61*v - 921. Calculate i(o).
-6
Let l(y) = 35*y**2 + 2*y - 2. Let k(s) = 2*s**3 + s**2 + 61*s - 63. Let x be k(1). Determine l(x).
35
Let c = -263 - -284. Let d be 4*(c/(-12) + 1/4). Let f(r) = -r + 4. Determine f(d).
10
Let g(h) = 0*h**2 + 9 - 9*h - 3 - 15 + 2 - 2*h**2. Determine g(-6).
-25
Suppose 2*n = -n - 6. Suppose 5*l - b = 20, 2*l - 25*b = -20*b + 31. Let g(j) = -3*j - 10*j + 22*j + l*j. Determine g(n).
-24
Suppose -4*m - 11 = -3*c, 2*c = -5*m - 7 + 22. Suppose 5 = i + 2*d + d, -d - c = -i. Let q(h) = 5*h**2 - h - 12 + i*h**2 - 11*h**2. Calculate q(0).
-12
Let c(i) = 2*i - 4*i - 3*i + 20*i**3 - 19*i**3 - 32*i**2 + 6*i - 49. Give c(32).
-17
Let u(f) = 3*f - 4. Suppose -3*v = i, -v + 14 = 4*i + 3. Let q be u(i). Let r(j) = 271*j + 11 - q - 272*j. What is r(0)?
6
Let s(l) = 8*l - 1. Let y be (-3)/((-198)/(-60) + -3). Let x(f) = -4*f - 39. Let t be x(y). Determine s(t).
7
Let q(w) be the first derivative of 21*w**2 + 579. Give q(1).
42
Let y(q) = -7*q**2 - 12*q - 7. Let m(d) = -3*d**2 - 6*d - 3. Let u(b) = 9*m(b) - 4*y(b). Suppose -l - 7 = -2*c, -14 = -3*c + 2*l - 5. Give u(c).
-4
Suppose -70 = -68*w + 54*w. Let y(i) be the second derivative of 1/20*i**w - 4/3*i**3 + 3*i + 0 + 1/2*i**2 + 5/12*i**4. Give y(-6).
13
Let m(v) be the third derivative of 0 - 19/24*v**4 - 6*v**2 + 0*v + 0*v**3 + 1/360*v**6 - 1/120*v**5. Let j(h) be the second derivative of m(h). Give j(5).
9
Let l(b) = -4*b - 9. Suppose 3*i + 2*y = -544, 5*i + 4*y + 542 = 2*i. Let w = -188 - i. What is l(w)?
15
Let s(y) = y + 34. Suppose -o = 4*a - 27, 0 = 3*o + 19*a - 15*a - 57. Give s(o).
49
Let m(g) = -g + 2. Let f be m(-1). Suppose 2*n = f*n - 2. Let x(k) = -18*k**2 + k - 2 + k**3 + 31*k**2 - 15*k**n + 2*k. What is x(3)?
16
Let n(a) = a**3 - 5*a**2 - 9*a + 3. Let x = 331 + -325. Let h be ((4 - x)*-3)/((-5)/(-5)). Calculate n(h).
-15
Let i be (2/34)/(38/323) + (-1)/6. Let g(y) be the first derivative of -i*y**3 + 5*y + 3*y**2 - 14. Determine g(7).
-2
Let q be ((-344)/(-20) - (46 - 30))*45/2. Let s(l) = 3*l**2 - 78*l - 75. Give s(q).
6
Let d(u) = -2*u**3 + 4*u**2 - 3*u + 1. Let g = 61 - 69. Let m be (2/g - 57/(-12))*2. Let t = m + -7. Give d(t).
-5
Let z(b) = 2819*b**2 - 10 - 5625*b**2 - 110*b + 2808*b**2 + 1. Determine z(55).
-9
Let o(r) = -19*r - 3. Let l(u) = -u**3 - 114*u**2 - 650*u - 215. Let v be l(-108). Give o(v).
-22
Let p(b) = -b - 57 - 57 + 115. Let z = -746 - -740. Calculate p(z).
7
Suppose 21*g - 91*g = -24*g - 1932. Let i(z) = -z**3 + 41*z**2 + 44*z - 89. Determine i(g).
-5
Let h(n) = 7*n**2 - 6*n - 3. Let y(a) = a**2 + 3*a. Let v(p) = -h(p) - y(p). What is v(3)?
-60
Let x(w) = 27*w**2 + 11*w + 7. Let j(u) = -4*u**2 + u - 2. Let l(z) = -7*j(z) - x(z). What is l(14)?
-49
Let z(f) = -2*f**3 - 2*f**2 - 3*f + 11. Let m(j) = 3*j**3 + 3*j**2 + 4*j - 12. Let k(r) = -3*m(r) - 4*z(r). Let o = -7 - -7. Calculate k(o).
-8
Let c(t) = -t**3 + 10*t**2 + 25*t - 6. Let g be c(12). Let v be 1*10*57/g. Let w = v + -104. Let k(u) = -u**2 - 8*u + 4. Calculate k(w).
-5
Suppose 0 = -9*b + 865 - 244. Let a(g) = -71*g + 6 - 7 + b*g. Let u(p) = p + 3. Let n be u(0). What is a(n)?
-7
Let b(f) = -43*f - 154 - 52*f + 125*f - 50*f + 7. What is b(-8)?
13
Let j be 1*-5*(442/(-5))/(-34). Let t(m) = -m**2 - 14*m - 10. What is t(j)?
3
Let y(w) = 8*w - 4. Let z be y(8). Let k(q) = z*q - 2 - 4 - 72*q. Calculate k(-4).
42
Let z be 625/(-750)*4/(-10). Let a(c) be the first derivative of 32 - 3*c + 1/4*c**4 - 3/2*c**2 + z*c**3. What is a(-2)?
-1
Suppose 14*c - 20 = 4*c. Let a(q) = 2*q - 83*q**2 - 2 - 90*q**2 + 161*q**c + 3. Determine a(-1).
-13
Let f(x) = -10*x + 64. Let q(l) = 2*l**3 - 4*l**2 - 12*l + 14. Let w be q(1). Give f(w).
64
Suppose -44 = -7*r + 3*r. Suppose 4*l - r = 5. Suppose -2*h - 10 = -4*o, -3*o = -l*o - 2*h + 10. Let a(y) = y**2 + y - 3. Calculate a(o).
17
Let x = -23120 - -23120. Let a(m) be the third derivative of -m**6/120 - m**5/60 - m**4/12 + m**3/3 + 2*m**2. Calculate a(x).
2
Let g(v) = v**3 - 2*v**2 - 2*v - 10. Suppose 3 = -3*y - 3*c, c - 5 = 2*c. Determine g(y).
14
Suppose 0 = -256*v + 270*v + 56. Let x(j) = -2*j**3 - 6*j**2 - 2*j + 4. Determine x(v).
44
Let g be 11/(11/1) - 2*-1. Let z(p) = p**3 - 6*p**2 + 7*p - 1. Calculate z(g).
-7
Let j be 2/(-12) + (-410)/60. Let z(y) be the first derivative of y**5/120 + y**4/3 - 17*y**3/3 + 12. Let a(b) be the third derivative of z(b). Give a(j).
1
Let x(p) be the second derivative of -p**5/20 - p**4/12 - p**3/3 + p**2/2 - 2*p - 198. Calculate x(-2).
9
Let g(b) = b**2 + 49*b + 356. Suppose 0 = 4*t + l + 34, 54 = -2*t + l + 34. Determine g(t).
-4
Let z be ((-1)/8)/(10/(-80)). Let y be (5/(-5))/(z/(-2)). Let d(a) = -2*a**3 + 4*a**2 - 3*a + 2. Determine d(y).
-4
Suppose 39*m - 371 = 157*m - 17. Let r(i) = 0 + 0*i + i + 0*i - 1. Determine r(m).
-4
Let n(c) = c**2 - 6*c - 44. Suppose -29*j + 21*j = -80. Let g be n(j). Let b(i) = -i**3 - 4*i**2 - 7*i - 6. Calculate b(g).
22
Let q(s) = -21*s + 19. Let k(p) = 17*p - 19. Let b(u) = -5*k(u) - 4*q(u). What is b(8)?
11
Suppose 2*o = 3*j + 57, 68*o - 66*o = -4*j - 76. Let l(v) = 2*v**3 + 36*v**2 - 35*v + 57. Determine l(j).
0
Let z(k) = k - 7. Let i(w) = -w**2 + 27*w - 48. Let o be i(22). Suppose -o = -b - 9. Suppose 5*s - b = -18. Give z(s).
0
Let p(w) = w**2 + 11*w + 6. Suppose -54 = 129*i - 120*i. What is p(i)?
-24
Let b(c) = -c**2 - c - 2. Let i be b(0). Let p be -2 + (-1 - 1) + 28. Let w(y) = 13*y**2 + 15*y**2 + 1 - 2*y - y**3 - p*y**2 - 5*y**2. Calculate w(i).
9
Suppose -f = 2*a + 8, -9*a = -f - 13*a - 12. Let b(q) = -q - 13. What is b(f)?
-9
Let r(j) be the first derivative of j**3/3 + 3*j**2/2 - 13*j + 6816. Give r(5).
27
Let s(n) be the first derivative of 1/2*n**2 - 1/3*n**3 + 2 + 3*n. Let v = -28461 + 28461. What is s(v)?
3
Let m(g) be the third derivative of 1/60*g**5 - 1/4*g**4 - 2 + 0*g + 16*g**2 + 1/3*g**3. Determine m(5).
-3
Let b(g) be the third derivative of -g**6/120 + g**5/30 - 5*g**4/24 - 5*g**3/3 + 1396*g**2 + 3*g - 1. What is b(